{"id":1056,"date":"2022-04-21T17:45:40","date_gmt":"2022-04-21T17:45:40","guid":{"rendered":"https:\/\/www.szespisek.cz\/?page_id=1056"},"modified":"2024-05-09T14:30:57","modified_gmt":"2024-05-09T14:30:57","slug":"jizdarna-pronajem","status":"publish","type":"page","link":"https:\/\/www.szespisek.cz\/index.php\/jizdarna-pronajem\/","title":{"rendered":"J\u00edzd\u00e1rna &#8211; pron\u00e1jem"},"content":{"rendered":"\t\t<div data-elementor-type=\"wp-page\" data-elementor-id=\"1056\" class=\"elementor elementor-1056\" data-elementor-post-type=\"page\">\n\t\t\t\t\t\t<section class=\"elementor-section elementor-top-section elementor-element elementor-element-42a3bdfc elementor-section-boxed elementor-section-height-default elementor-section-height-default\" data-id=\"42a3bdfc\" data-element_type=\"section\">\n\t\t\t\t\t\t<div class=\"elementor-container elementor-column-gap-default\">\n\t\t\t\t\t<div class=\"elementor-column elementor-col-100 elementor-top-column elementor-element elementor-element-5df25392\" data-id=\"5df25392\" data-element_type=\"column\">\n\t\t\t<div class=\"elementor-widget-wrap elementor-element-populated\">\n\t\t\t\t\t\t<div class=\"elementor-element elementor-element-628c9f7a elementor-widget elementor-widget-text-editor\" data-id=\"628c9f7a\" data-element_type=\"widget\" data-widget_type=\"text-editor.default\">\n\t\t\t\t<div class=\"elementor-widget-container\">\n\t\t\t\t\t\t\t\t\t<p><\/p>\n<h2 class=\"wp-block-heading\">Nab\u00edz\u00edme pron\u00e1jem venkovn\u00ed plochy pro pr\u00e1ci s&nbsp;ko\u0148mi<br>&nbsp;\u2013 venkovn\u00ed j\u00edzd\u00e1rna s&nbsp;geotextiln\u00edm povrchem.<\/h2>\n<p><\/p>\n<p><\/p>\n<p><strong>Mo\u017enost vyu\u017e\u00edv\u00e1n\u00ed denn\u011b &#8211;&nbsp; rezervace nutn\u00e1!<\/strong><\/p>\n<p><\/p>\n<p><\/p>\n<p>Rozm\u011br j\u00edzd\u00e1rny: 20 x 60 m<\/p>\n<p><\/p>\n<p><\/p>\n<p>Cena: 300,-K\u010d\/hod\/ k\u016f\u0148, ka\u017ed\u00fd dal\u0161\u00ed k\u016f\u0148 + 100,-K\u010d\/hod<\/p>\n<p><\/p>\n<p><\/p>\n<p>Kontakt pro rezervaci: 731&nbsp;108&nbsp;401, 725&nbsp;131&nbsp;954, 773&nbsp;611 221<\/p>\n<p><\/p>\t\t\t\t\t\t\t\t<\/div>\n\t\t\t\t<\/div>\n\t\t\t\t\t<\/div>\n\t\t<\/div>\n\t\t\t\t\t<\/div>\n\t\t<\/section>\n\t\t\t\t<section class=\"elementor-section elementor-top-section elementor-element elementor-element-df21ae6 elementor-section-boxed elementor-section-height-default elementor-section-height-default\" data-id=\"df21ae6\" data-element_type=\"section\">\n\t\t\t\t\t\t<div class=\"elementor-container elementor-column-gap-default\">\n\t\t\t\t\t<div class=\"elementor-column elementor-col-100 elementor-top-column elementor-element elementor-element-4cfd770\" data-id=\"4cfd770\" data-element_type=\"column\">\n\t\t\t<div class=\"elementor-widget-wrap elementor-element-populated\">\n\t\t\t\t\t\t<div class=\"elementor-element elementor-element-a2ace6c elementor-widget elementor-widget-gallery\" data-id=\"a2ace6c\" data-element_type=\"widget\" data-settings=\"{&quot;lazyload&quot;:&quot;yes&quot;,&quot;gallery_layout&quot;:&quot;grid&quot;,&quot;columns&quot;:4,&quot;columns_tablet&quot;:2,&quot;columns_mobile&quot;:1,&quot;gap&quot;:{&quot;unit&quot;:&quot;px&quot;,&quot;size&quot;:10,&quot;sizes&quot;:[]},&quot;gap_tablet&quot;:{&quot;unit&quot;:&quot;px&quot;,&quot;size&quot;:10,&quot;sizes&quot;:[]},&quot;gap_mobile&quot;:{&quot;unit&quot;:&quot;px&quot;,&quot;size&quot;:10,&quot;sizes&quot;:[]},&quot;link_to&quot;:&quot;file&quot;,&quot;aspect_ratio&quot;:&quot;3:2&quot;,&quot;overlay_background&quot;:&quot;yes&quot;,&quot;content_hover_animation&quot;:&quot;fade-in&quot;}\" data-widget_type=\"gallery.default\">\n\t\t\t\t<div class=\"elementor-widget-container\">\n\t\t\t\t\t\t\t<div class=\"elementor-gallery__container\">\n\t\t\t\t\t\t\t<a class=\"e-gallery-item elementor-gallery-item elementor-animated-content\" href=\"https:\/\/www.szespisek.cz\/wp-content\/uploads\/2022\/04\/P6140083.jpg\" data-elementor-open-lightbox=\"yes\" data-elementor-lightbox-slideshow=\"a2ace6c\" data-elementor-lightbox-title=\"P6140083\" data-e-action-hash=\"#elementor-action%3Aaction%3Dlightbox%26settings%3DeyJpZCI6MTA2MSwidXJsIjoiaHR0cHM6XC9cL3d3dy5zemVzcGlzZWsuY3pcL3dwLWNvbnRlbnRcL3VwbG9hZHNcLzIwMjJcLzA0XC9QNjE0MDA4My5qcGciLCJzbGlkZXNob3ciOiJhMmFjZTZjIn0%3D\">\n\t\t\t\t\t<div class=\"e-gallery-image elementor-gallery-item__image\" data-thumbnail=\"https:\/\/www.szespisek.cz\/wp-content\/uploads\/2022\/04\/P6140083-300x200.jpg\" data-width=\"300\" data-height=\"200\" aria-label=\"\" role=\"img\" ><\/div>\n\t\t\t\t\t\t\t\t\t\t\t<div class=\"elementor-gallery-item__overlay\"><\/div>\n\t\t\t\t\t\t\t\t\t\t\t\t\t\t<\/a>\n\t\t\t\t\t\t\t<a class=\"e-gallery-item elementor-gallery-item elementor-animated-content\" href=\"https:\/\/www.szespisek.cz\/wp-content\/uploads\/2022\/04\/P6140074.jpg\" data-elementor-open-lightbox=\"yes\" data-elementor-lightbox-slideshow=\"a2ace6c\" data-elementor-lightbox-title=\"P6140074\" data-e-action-hash=\"#elementor-action%3Aaction%3Dlightbox%26settings%3DeyJpZCI6MTA2MCwidXJsIjoiaHR0cHM6XC9cL3d3dy5zemVzcGlzZWsuY3pcL3dwLWNvbnRlbnRcL3VwbG9hZHNcLzIwMjJcLzA0XC9QNjE0MDA3NC5qcGciLCJzbGlkZXNob3ciOiJhMmFjZTZjIn0%3D\">\n\t\t\t\t\t<div class=\"e-gallery-image elementor-gallery-item__image\" data-thumbnail=\"https:\/\/www.szespisek.cz\/wp-content\/uploads\/2022\/04\/P6140074-300x200.jpg\" data-width=\"300\" data-height=\"200\" aria-label=\"\" role=\"img\" ><\/div>\n\t\t\t\t\t\t\t\t\t\t\t<div class=\"elementor-gallery-item__overlay\"><\/div>\n\t\t\t\t\t\t\t\t\t\t\t\t\t\t<\/a>\n\t\t\t\t\t\t\t<a class=\"e-gallery-item elementor-gallery-item elementor-animated-content\" href=\"https:\/\/www.szespisek.cz\/wp-content\/uploads\/2022\/04\/P6140073.jpg\" data-elementor-open-lightbox=\"yes\" data-elementor-lightbox-slideshow=\"a2ace6c\" data-elementor-lightbox-title=\"P6140073\" data-e-action-hash=\"#elementor-action%3Aaction%3Dlightbox%26settings%3DeyJpZCI6MTA1OSwidXJsIjoiaHR0cHM6XC9cL3d3dy5zemVzcGlzZWsuY3pcL3dwLWNvbnRlbnRcL3VwbG9hZHNcLzIwMjJcLzA0XC9QNjE0MDA3My5qcGciLCJzbGlkZXNob3ciOiJhMmFjZTZjIn0%3D\">\n\t\t\t\t\t<div class=\"e-gallery-image elementor-gallery-item__image\" data-thumbnail=\"https:\/\/www.szespisek.cz\/wp-content\/uploads\/2022\/04\/P6140073-300x200.jpg\" data-width=\"300\" data-height=\"200\" aria-label=\"\" role=\"img\" ><\/div>\n\t\t\t\t\t\t\t\t\t\t\t<div class=\"elementor-gallery-item__overlay\"><\/div>\n\t\t\t\t\t\t\t\t\t\t\t\t\t\t<\/a>\n\t\t\t\t\t\t\t<a class=\"e-gallery-item elementor-gallery-item elementor-animated-content\" href=\"https:\/\/www.szespisek.cz\/wp-content\/uploads\/2022\/04\/P6140068.jpg\" data-elementor-open-lightbox=\"yes\" data-elementor-lightbox-slideshow=\"a2ace6c\" data-elementor-lightbox-title=\"P6140068\" data-e-action-hash=\"#elementor-action%3Aaction%3Dlightbox%26settings%3DeyJpZCI6MTA1OCwidXJsIjoiaHR0cHM6XC9cL3d3dy5zemVzcGlzZWsuY3pcL3dwLWNvbnRlbnRcL3VwbG9hZHNcLzIwMjJcLzA0XC9QNjE0MDA2OC5qcGciLCJzbGlkZXNob3ciOiJhMmFjZTZjIn0%3D\">\n\t\t\t\t\t<div class=\"e-gallery-image elementor-gallery-item__image\" data-thumbnail=\"https:\/\/www.szespisek.cz\/wp-content\/uploads\/2022\/04\/P6140068-300x200.jpg\" data-width=\"300\" data-height=\"200\" aria-label=\"\" role=\"img\" ><\/div>\n\t\t\t\t\t\t\t\t\t\t\t<div class=\"elementor-gallery-item__overlay\"><\/div>\n\t\t\t\t\t\t\t\t\t\t\t\t\t\t<\/a>\n\t\t\t\t\t\t\t<a class=\"e-gallery-item elementor-gallery-item elementor-animated-content\" href=\"https:\/\/www.szespisek.cz\/wp-content\/uploads\/2022\/04\/P6140064.jpg\" data-elementor-open-lightbox=\"yes\" data-elementor-lightbox-slideshow=\"a2ace6c\" data-elementor-lightbox-title=\"P6140064\" data-e-action-hash=\"#elementor-action%3Aaction%3Dlightbox%26settings%3DeyJpZCI6MTA1NywidXJsIjoiaHR0cHM6XC9cL3d3dy5zemVzcGlzZWsuY3pcL3dwLWNvbnRlbnRcL3VwbG9hZHNcLzIwMjJcLzA0XC9QNjE0MDA2NC5qcGciLCJzbGlkZXNob3ciOiJhMmFjZTZjIn0%3D\">\n\t\t\t\t\t<div class=\"e-gallery-image elementor-gallery-item__image\" data-thumbnail=\"https:\/\/www.szespisek.cz\/wp-content\/uploads\/2022\/04\/P6140064-300x200.jpg\" data-width=\"300\" data-height=\"200\" aria-label=\"\" role=\"img\" ><\/div>\n\t\t\t\t\t\t\t\t\t\t\t<div class=\"elementor-gallery-item__overlay\"><\/div>\n\t\t\t\t\t\t\t\t\t\t\t\t\t\t<\/a>\n\t\t\t\t\t<\/div>\n\t\t\t\t\t<\/div>\n\t\t\t\t<\/div>\n\t\t\t\t\t<\/div>\n\t\t<\/div>\n\t\t\t\t\t<\/div>\n\t\t<\/section>\n\t\t\t\t<\/div>\n\t\t","protected":false},"excerpt":{"rendered":"<p>Nab\u00edz\u00edme pron\u00e1jem venkovn\u00ed plochy pro pr\u00e1ci s&nbsp;ko\u0148mi&nbsp;\u2013 venkovn\u00ed j\u00edzd\u00e1rna s&nbsp;geotextiln\u00edm povrchem. Mo\u017enost vyu\u017e\u00edv\u00e1n\u00ed denn\u011b &#8211;&nbsp; rezervace nutn\u00e1! Rozm\u011br j\u00edzd\u00e1rny: 20 x 60 m Cena: 300,-K\u010d\/hod\/ k\u016f\u0148, ka\u017ed\u00fd dal\u0161\u00ed k\u016f\u0148 + 100,-K\u010d\/hod Kontakt pro rezervaci: 731&nbsp;108&nbsp;401, 725&nbsp;131&nbsp;954, 773&nbsp;611 221<\/p>\n","protected":false},"author":2,"featured_media":0,"parent":0,"menu_order":0,"comment_status":"closed","ping_status":"closed","template":"","meta":{"site-sidebar-layout":"default","site-content-layout":"","ast-site-content-layout":"default","site-content-style":"default","site-sidebar-style":"default","ast-global-header-display":"","ast-banner-title-visibility":"","ast-main-header-display":"","ast-hfb-above-header-display":"","ast-hfb-below-header-display":"","ast-hfb-mobile-header-display":"","site-post-title":"","ast-breadcrumbs-content":"","ast-featured-img":"","footer-sml-layout":"","ast-disable-related-posts":"","theme-transparent-header-meta":"","adv-header-id-meta":"","stick-header-meta":"","header-above-stick-meta":"","header-main-stick-meta":"","header-below-stick-meta":"","astra-migrate-meta-layouts":"default","ast-page-background-enabled":"default","ast-page-background-meta":{"desktop":{"background-color":"var(--ast-global-color-4)","background-image":"","background-repeat":"repeat","background-position":"center center","background-size":"auto","background-attachment":"scroll","background-type":"","background-media":"","overlay-type":"","overlay-color":"","overlay-opacity":"","overlay-gradient":""},"tablet":{"background-color":"","background-image":"","background-repeat":"repeat","background-position":"center center","background-size":"auto","background-attachment":"scroll","background-type":"","background-media":"","overlay-type":"","overlay-color":"","overlay-opacity":"","overlay-gradient":""},"mobile":{"background-color":"","background-image":"","background-repeat":"repeat","background-position":"center center","background-size":"auto","background-attachment":"scroll","background-type":"","background-media":"","overlay-type":"","overlay-color":"","overlay-opacity":"","overlay-gradient":""}},"ast-content-background-meta":{"desktop":{"background-color":"var(--ast-global-color-5)","background-image":"","background-repeat":"repeat","background-position":"center center","background-size":"auto","background-attachment":"scroll","background-type":"","background-media":"","overlay-type":"","overlay-color":"","overlay-opacity":"","overlay-gradient":""},"tablet":{"background-color":"var(--ast-global-color-5)","background-image":"","background-repeat":"repeat","background-position":"center center","background-size":"auto","background-attachment":"scroll","background-type":"","background-media":"","overlay-type":"","overlay-color":"","overlay-opacity":"","overlay-gradient":""},"mobile":{"background-color":"var(--ast-global-color-5)","background-image":"","background-repeat":"repeat","background-position":"center center","background-size":"auto","background-attachment":"scroll","background-type":"","background-media":"","overlay-type":"","overlay-color":"","overlay-opacity":"","overlay-gradient":""}},"footnotes":""},"class_list":["post-1056","page","type-page","status-publish","hentry"],"_links":{"self":[{"href":"https:\/\/www.szespisek.cz\/index.php\/wp-json\/wp\/v2\/pages\/1056","targetHints":{"allow":["GET"]}}],"collection":[{"href":"https:\/\/www.szespisek.cz\/index.php\/wp-json\/wp\/v2\/pages"}],"about":[{"href":"https:\/\/www.szespisek.cz\/index.php\/wp-json\/wp\/v2\/types\/page"}],"author":[{"embeddable":true,"href":"https:\/\/www.szespisek.cz\/index.php\/wp-json\/wp\/v2\/users\/2"}],"replies":[{"embeddable":true,"href":"https:\/\/www.szespisek.cz\/index.php\/wp-json\/wp\/v2\/comments?post=1056"}],"version-history":[{"count":9,"href":"https:\/\/www.szespisek.cz\/index.php\/wp-json\/wp\/v2\/pages\/1056\/revisions"}],"predecessor-version":[{"id":1494,"href":"https:\/\/www.szespisek.cz\/index.php\/wp-json\/wp\/v2\/pages\/1056\/revisions\/1494"}],"wp:attachment":[{"href":"https:\/\/www.szespisek.cz\/index.php\/wp-json\/wp\/v2\/media?parent=1056"}],"curies":[{"name":"wp","href":"https:\/\/api.w.org\/{rel}","templated":true}]}}