{"id":66,"date":"2021-09-10T12:13:44","date_gmt":"2021-09-10T12:13:44","guid":{"rendered":"http:\/\/www.szespisek.cz\/?page_id=66"},"modified":"2021-09-11T08:15:43","modified_gmt":"2021-09-11T08:15:43","slug":"knihovna","status":"publish","type":"page","link":"https:\/\/www.szespisek.cz\/index.php\/knihovna\/","title":{"rendered":"Knihovna"},"content":{"rendered":"\t\t<div data-elementor-type=\"wp-page\" data-elementor-id=\"66\" class=\"elementor elementor-66\" data-elementor-post-type=\"page\">\n\t\t\t\t\t\t<section class=\"elementor-section elementor-top-section elementor-element elementor-element-71369bdd elementor-section-boxed elementor-section-height-default elementor-section-height-default\" data-id=\"71369bdd\" data-element_type=\"section\">\n\t\t\t\t\t\t<div class=\"elementor-container elementor-column-gap-default\">\n\t\t\t\t\t<div class=\"elementor-column elementor-col-50 elementor-top-column elementor-element elementor-element-240a370b\" data-id=\"240a370b\" data-element_type=\"column\">\n\t\t\t<div class=\"elementor-widget-wrap elementor-element-populated\">\n\t\t\t\t\t\t<div class=\"elementor-element elementor-element-1bac5798 elementor-widget elementor-widget-heading\" data-id=\"1bac5798\" data-element_type=\"widget\" data-widget_type=\"heading.default\">\n\t\t\t\t<div class=\"elementor-widget-container\">\n\t\t\t\t\t<h1 class=\"elementor-heading-title elementor-size-default\">Knihovna<\/h1>\t\t\t\t<\/div>\n\t\t\t\t<\/div>\n\t\t\t\t\t<\/div>\n\t\t<\/div>\n\t\t\t\t<div class=\"elementor-column elementor-col-50 elementor-top-column elementor-element elementor-element-1fee068a elementor-hidden-tablet elementor-hidden-phone\" data-id=\"1fee068a\" data-element_type=\"column\">\n\t\t\t<div class=\"elementor-widget-wrap elementor-element-populated\">\n\t\t\t\t\t\t\t<\/div>\n\t\t<\/div>\n\t\t\t\t\t<\/div>\n\t\t<\/section>\n\t\t\t\t<section class=\"elementor-section elementor-top-section elementor-element elementor-element-7d1b474f elementor-section-boxed elementor-section-height-default elementor-section-height-default\" data-id=\"7d1b474f\" data-element_type=\"section\">\n\t\t\t\t\t\t<div class=\"elementor-container elementor-column-gap-default\">\n\t\t\t\t\t<div class=\"elementor-column elementor-col-100 elementor-top-column elementor-element elementor-element-3900a281\" data-id=\"3900a281\" data-element_type=\"column\">\n\t\t\t<div class=\"elementor-widget-wrap elementor-element-populated\">\n\t\t\t\t\t\t<div class=\"elementor-element elementor-element-72632310 elementor-widget elementor-widget-text-editor\" data-id=\"72632310\" data-element_type=\"widget\" data-widget_type=\"text-editor.default\">\n\t\t\t\t<div class=\"elementor-widget-container\">\n\t\t\t\t\t\t\t\t\t<p>V budov\u011b SZe\u0160 v P\u00edsku se nach\u00e1z\u00ed \u0161koln\u00ed knihovna.<\/p><p>Poskytuje knihovnick\u00e9 a informa\u010dn\u00ed slu\u017eby u\u010ditel\u016fm, \u017e\u00e1k\u016fm a dal\u0161\u00edm pracovn\u00edk\u016fm \u0161koly.<\/p><p>V\u00fdp\u016fj\u010dn\u00ed doba je od pond\u011bl\u00ed do p\u00e1tku v dob\u011b od 9.40 do 10.00 hodin( jindy podle dohody).<br \/>Knihovnick\u00e9 slu\u017eby jsou bezplatn\u00e9.<\/p><p>Sv\u00fdm obsahem je knihovna zam\u011b\u0159ena p\u0159ev\u00e1\u017en\u011b na odbornou literaturu, v men\u0161\u00ed m\u00ed\u0159e je zde \u017e\u00e1k\u016fm k dispozici i povinn\u00e1 \u0161koln\u00ed \u010detba a beletrie.<\/p><p>Vedouc\u00ed \u0161koln\u00ed knihovny: <strong>PhDr.\u0160\u00e1rka Dokulilov\u00e1<\/strong><\/p>\t\t\t\t\t\t\t\t<\/div>\n\t\t\t\t<\/div>\n\t\t\t\t\t<\/div>\n\t\t<\/div>\n\t\t\t\t\t<\/div>\n\t\t<\/section>\n\t\t\t\t<\/div>\n\t\t","protected":false},"excerpt":{"rendered":"<p>Knihovna V budov\u011b SZe\u0160 v P\u00edsku se nach\u00e1z\u00ed \u0161koln\u00ed knihovna. Poskytuje knihovnick\u00e9 a informa\u010dn\u00ed slu\u017eby u\u010ditel\u016fm, \u017e\u00e1k\u016fm a dal\u0161\u00edm pracovn\u00edk\u016fm \u0161koly. V\u00fdp\u016fj\u010dn\u00ed doba je od pond\u011bl\u00ed do p\u00e1tku v dob\u011b od 9.40 do 10.00 hodin( jindy podle dohody).Knihovnick\u00e9 slu\u017eby jsou bezplatn\u00e9. Sv\u00fdm obsahem je knihovna zam\u011b\u0159ena p\u0159ev\u00e1\u017en\u011b na odbornou literaturu, v men\u0161\u00ed m\u00ed\u0159e je zde [&hellip;]<\/p>\n","protected":false},"author":1,"featured_media":0,"parent":0,"menu_order":0,"comment_status":"closed","ping_status":"closed","template":"","meta":{"site-sidebar-layout":"no-sidebar","site-content-layout":"page-builder","ast-site-content-layout":"default","site-content-style":"default","site-sidebar-style":"default","ast-global-header-display":"","ast-banner-title-visibility":"","ast-main-header-display":"disabled","ast-hfb-above-header-display":"","ast-hfb-below-header-display":"","ast-hfb-mobile-header-display":"disabled","site-post-title":"disabled","ast-breadcrumbs-content":"disabled","ast-featured-img":"disabled","footer-sml-layout":"disabled","ast-disable-related-posts":"","theme-transparent-header-meta":"disabled","adv-header-id-meta":"","stick-header-meta":"","header-above-stick-meta":"","header-main-stick-meta":"","header-below-stick-meta":"","astra-migrate-meta-layouts":"default","ast-page-background-enabled":"default","ast-page-background-meta":{"desktop":{"background-color":"var(--ast-global-color-4)","background-image":"","background-repeat":"repeat","background-position":"center center","background-size":"auto","background-attachment":"scroll","background-type":"","background-media":"","overlay-type":"","overlay-color":"","overlay-opacity":"","overlay-gradient":""},"tablet":{"background-color":"","background-image":"","background-repeat":"repeat","background-position":"center center","background-size":"auto","background-attachment":"scroll","background-type":"","background-media":"","overlay-type":"","overlay-color":"","overlay-opacity":"","overlay-gradient":""},"mobile":{"background-color":"","background-image":"","background-repeat":"repeat","background-position":"center center","background-size":"auto","background-attachment":"scroll","background-type":"","background-media":"","overlay-type":"","overlay-color":"","overlay-opacity":"","overlay-gradient":""}},"ast-content-background-meta":{"desktop":{"background-color":"var(--ast-global-color-5)","background-image":"","background-repeat":"repeat","background-position":"center center","background-size":"auto","background-attachment":"scroll","background-type":"","background-media":"","overlay-type":"","overlay-color":"","overlay-opacity":"","overlay-gradient":""},"tablet":{"background-color":"var(--ast-global-color-5)","background-image":"","background-repeat":"repeat","background-position":"center center","background-size":"auto","background-attachment":"scroll","background-type":"","background-media":"","overlay-type":"","overlay-color":"","overlay-opacity":"","overlay-gradient":""},"mobile":{"background-color":"var(--ast-global-color-5)","background-image":"","background-repeat":"repeat","background-position":"center center","background-size":"auto","background-attachment":"scroll","background-type":"","background-media":"","overlay-type":"","overlay-color":"","overlay-opacity":"","overlay-gradient":""}},"footnotes":""},"class_list":["post-66","page","type-page","status-publish","hentry"],"_links":{"self":[{"href":"https:\/\/www.szespisek.cz\/index.php\/wp-json\/wp\/v2\/pages\/66","targetHints":{"allow":["GET"]}}],"collection":[{"href":"https:\/\/www.szespisek.cz\/index.php\/wp-json\/wp\/v2\/pages"}],"about":[{"href":"https:\/\/www.szespisek.cz\/index.php\/wp-json\/wp\/v2\/types\/page"}],"author":[{"embeddable":true,"href":"https:\/\/www.szespisek.cz\/index.php\/wp-json\/wp\/v2\/users\/1"}],"replies":[{"embeddable":true,"href":"https:\/\/www.szespisek.cz\/index.php\/wp-json\/wp\/v2\/comments?post=66"}],"version-history":[{"count":4,"href":"https:\/\/www.szespisek.cz\/index.php\/wp-json\/wp\/v2\/pages\/66\/revisions"}],"predecessor-version":[{"id":183,"href":"https:\/\/www.szespisek.cz\/index.php\/wp-json\/wp\/v2\/pages\/66\/revisions\/183"}],"wp:attachment":[{"href":"https:\/\/www.szespisek.cz\/index.php\/wp-json\/wp\/v2\/media?parent=66"}],"curies":[{"name":"wp","href":"https:\/\/api.w.org\/{rel}","templated":true}]}}