{"id":72,"date":"2021-09-10T12:15:15","date_gmt":"2021-09-10T12:15:15","guid":{"rendered":"http:\/\/www.szespisek.cz\/?page_id=72"},"modified":"2021-09-11T08:23:51","modified_gmt":"2021-09-11T08:23:51","slug":"nadace","status":"publish","type":"page","link":"https:\/\/www.szespisek.cz\/index.php\/nadace\/","title":{"rendered":"Nadace"},"content":{"rendered":"\t\t<div data-elementor-type=\"wp-page\" data-elementor-id=\"72\" class=\"elementor elementor-72\" data-elementor-post-type=\"page\">\n\t\t\t\t\t\t<section class=\"elementor-section elementor-top-section elementor-element elementor-element-3eac188e elementor-section-boxed elementor-section-height-default elementor-section-height-default\" data-id=\"3eac188e\" data-element_type=\"section\">\n\t\t\t\t\t\t<div class=\"elementor-container elementor-column-gap-default\">\n\t\t\t\t\t<div class=\"elementor-column elementor-col-100 elementor-top-column elementor-element elementor-element-45ee928f\" data-id=\"45ee928f\" data-element_type=\"column\">\n\t\t\t<div class=\"elementor-widget-wrap elementor-element-populated\">\n\t\t\t\t\t\t<div class=\"elementor-element elementor-element-3e47dbdb elementor-widget elementor-widget-heading\" data-id=\"3e47dbdb\" data-element_type=\"widget\" data-widget_type=\"heading.default\">\n\t\t\t\t<div class=\"elementor-widget-container\">\n\t\t\t\t\t<h1 class=\"elementor-heading-title elementor-size-default\">Nada\u010dn\u00ed fond p\u0159i SZe\u0160 P\u00edsek<\/h1>\t\t\t\t<\/div>\n\t\t\t\t<\/div>\n\t\t\t\t\t<\/div>\n\t\t<\/div>\n\t\t\t\t\t<\/div>\n\t\t<\/section>\n\t\t\t\t<section class=\"elementor-section elementor-top-section elementor-element elementor-element-7e29acc6 elementor-section-boxed elementor-section-height-default elementor-section-height-default\" data-id=\"7e29acc6\" data-element_type=\"section\">\n\t\t\t\t\t\t<div class=\"elementor-container elementor-column-gap-default\">\n\t\t\t\t\t<div class=\"elementor-column elementor-col-100 elementor-top-column elementor-element elementor-element-7daeb704\" data-id=\"7daeb704\" data-element_type=\"column\">\n\t\t\t<div class=\"elementor-widget-wrap elementor-element-populated\">\n\t\t\t\t\t\t<div class=\"elementor-element elementor-element-374e28cc elementor-widget elementor-widget-text-editor\" data-id=\"374e28cc\" data-element_type=\"widget\" data-widget_type=\"text-editor.default\">\n\t\t\t\t<div class=\"elementor-widget-container\">\n\t\t\t\t\t\t\t\t\t<p>V roce 1994 byla p\u0159i St\u0159edn\u00ed zem\u011bd\u011blsk\u00e9 \u0161kole v P\u00edsku zalo\u017eena nadace. Po nabyt\u00ed platnosti z\u00e1kona \u010d. 227\/97 Sb. byla nadace zm\u011bn\u011bna na Nada\u010dn\u00ed fond p\u0159i St\u0159edn\u00ed zem\u011bd\u011blsk\u00e9 \u0161kole v P\u00edsku.<\/p><p>Zakladatelem Nada\u010dn\u00edho fondu je St\u0159edn\u00ed zem\u011bd\u011blsk\u00e1 \u0161kola v P\u00edsku, zastoupen\u00e1 \u0159editelem \u0161koly.<\/p><p>Tento nada\u010dn\u00ed fond slou\u017e\u00ed k v\u0161estrann\u00e9mu rozvoji osobnosti \u017e\u00e1k\u016f \u0161koly a k pos\u00edlen\u00ed tradi\u010dn\u00edho postaven\u00ed \u0161koly v o\u010d\u00edch ve\u0159ejnosti, k nav\u00e1z\u00e1n\u00ed mezin\u00e1rodn\u00edch kontakt\u016f a jejich rozvoj.<\/p><p>C\u00edlem nada\u010dn\u00edho fondu je podpora odborn\u00e9, spole\u010densk\u00e9, kulturn\u00ed a sportovn\u00ed \u010dinnosti \u017e\u00e1k\u016f \u0161koly, podpora spolupr\u00e1ce se zahrani\u010dn\u00edmi \u0161kolami zem\u011bd\u011blsk\u00e9ho zam\u011b\u0159en\u00ed formou v\u00fdm\u011bnn\u00fdch n\u00e1v\u0161t\u011bv, exkurz\u00ed a prax\u00ed \u017e\u00e1k\u016f a odborn\u00fdch st\u00e1\u017e\u00ed zam\u011bstnanc\u016f \u0161koly, podpora talentovan\u00fdch, soci\u00e1ln\u011b slab\u00fdch \u017e\u00e1k\u016f, odm\u011b\u0148ov\u00e1n\u00ed vynikaj\u00edc\u00edch \u017e\u00e1k\u016f \u0161koly, propagace SZe\u0160 v P\u00edsku, p\u0159\u00edsp\u011bvky na publika\u010dn\u00ed \u010dinnost \u0161koly.<\/p><p>Prost\u0159edky pro realizaci c\u00edl\u016f a pro zaji\u0161t\u011bn\u00ed \u010dinnosti jsou z\u00edsk\u00e1v\u00e1ny z dar\u016f fyzick\u00fdch a pr\u00e1vnick\u00fdch osob a z p\u0159\u00edjm\u016f plynouc\u00edch z hospoda\u0159en\u00ed s majetkem NF.<\/p><p>Prost\u0159edky NF lze pou\u017e\u00edt k realizaci v\u00fd\u0161e uveden\u00fdch c\u00edl\u016f NF, zejm\u00e9na na p\u0159\u00edsp\u011bvky a finan\u010dn\u00ed zaji\u0161t\u011bn\u00ed \u010dinnost\u00ed \u017e\u00e1k\u016f, p\u0159\u00edpadn\u011b zam\u011bstnanc\u016f \u0161koly, u v\u00fdm\u011bnn\u00fdch zahrani\u010dn\u00edch akc\u00ed t\u00e9\u017e \u017e\u00e1k\u016f a zam\u011bstnanc\u016f t\u011bchto \u0161kol, pro n\u00e1hradu nutn\u00fdch v\u00fddaj\u016f spojen\u00fdch s v\u00fdkonem funkce \u010dlena spr\u00e1vn\u00ed rady.<\/p><p>Nada\u010dn\u00ed fond p\u0159i SZe\u0160 v P\u00edsku spravuje spr\u00e1vn\u00ed rada NF.<\/p><p>Spr\u00e1vn\u00ed rada je p\u011bti\u010dlenn\u00e1. Spr\u00e1vn\u00ed radu a jej\u00edho p\u0159edsedu jmenuje a odvol\u00e1v\u00e1 jako z\u00e1stupce zakladatele, \u0159editel \u0161koly, po projedn\u00e1n\u00ed v pedagogick\u00e9 rad\u011b. V pr\u00e1vn\u00edch vztaz\u00edch zastupuje NF p\u0159edseda spr\u00e1vn\u00ed rady nebo j\u00edm zmocn\u011bn\u00fd \u010dlen spr\u00e1vn\u00ed rady. Zased\u00e1n\u00ed spr\u00e1vn\u00ed rady svol\u00e1v\u00e1 jej\u00ed p\u0159edseda podle pot\u0159eby, nejm\u00e9n\u011b v\u0161ak 1x za 6 m\u011bs\u00edc\u016f. Jedn\u00e1n\u00ed spr\u00e1vn\u00ed rady \u0159\u00edd\u00ed jej\u00ed p\u0159edseda nebo j\u00edm pov\u011b\u0159en\u00fd \u010dlen spr\u00e1vn\u00ed rady. O jedn\u00e1n\u00ed se vede p\u00edsemn\u00fd z\u00e1znam. Spr\u00e1vn\u00ed rada je usn\u00e1\u0161en\u00ed schopn\u00e1 za p\u0159\u00edtomnosti nadpolovi\u010dn\u00ed v\u011bt\u0161iny sv\u00fdch \u010dlen\u016f. Rozhoduje jako kolektivn\u00ed org\u00e1n. K rozhodnut\u00ed je nutn\u00fd souhlas nadpolovi\u010dn\u00edho po\u010dtu v\u0161ech \u010dlen\u016f spr\u00e1vn\u00ed rady.<\/p><p>Ze sv\u00fdch \u010dlen\u016f si vol\u00ed pokladn\u00edka a dvou\u010dlennou kontroln\u00ed komisi.<\/p><p>Kontroln\u00ed komise kontroluje pln\u011bn\u00ed usnesen\u00ed spr\u00e1vn\u00ed rady a hospoda\u0159en\u00ed s prost\u0159edky NF. Spr\u00e1vn\u00ed rada rozhoduje v souladu se statutem a pod\u00e1v\u00e1 zakladateli n\u00e1vrhy na zm\u011bnu statutu, vypracov\u00e1v\u00e1 a schvaluje v\u00fdro\u010dn\u00ed spr\u00e1vu o \u010dinnosti a hospoda\u0159en\u00ed s prost\u0159edky NF a p\u0159edkl\u00e1d\u00e1 zakladateli NF. Vyv\u00edj\u00ed \u00fasil\u00ed o z\u00edsk\u00e1n\u00ed prost\u0159edk\u016f NF. Pro \u0159e\u0161en\u00ed odborn\u00fdch probl\u00e9m\u016f m\u016f\u017ee na jedn\u00e1n\u00ed p\u0159izvat pot\u0159ebn\u00e9 odborn\u00edky, kte\u0159\u00ed v\u0161ak maj\u00ed pouze hlas poradn\u00ed.<\/p><p>Hospoda\u0159en\u00ed s prost\u0159edky Nada\u010dn\u00edho fondu.<br \/>Za hospoda\u0159en\u00ed a nakl\u00e1d\u00e1n\u00ed s prost\u0159edky NF odpov\u00edd\u00e1 spr\u00e1vn\u00ed rada. Prost\u0159edky NF jsou ulo\u017eeny na b\u011b\u017en\u00e9m \u00fa\u010dtu u \u010cesk\u00e9 spo\u0159itelny, kter\u00fd je pro tento \u00fa\u010del z\u0159\u00edzen.<\/p><p>Zakladatel zdarma poskytne pro \u010dinnost NF pot\u0159ebn\u00e9 prostory, za\u0159\u00edzen\u00ed, odbornou a jinou pomoc.<\/p>\t\t\t\t\t\t\t\t<\/div>\n\t\t\t\t<\/div>\n\t\t\t\t\t<\/div>\n\t\t<\/div>\n\t\t\t\t\t<\/div>\n\t\t<\/section>\n\t\t\t\t<section class=\"elementor-section elementor-top-section elementor-element elementor-element-726fae35 elementor-section-boxed elementor-section-height-default elementor-section-height-default\" data-id=\"726fae35\" data-element_type=\"section\">\n\t\t\t\t\t\t<div class=\"elementor-container elementor-column-gap-default\">\n\t\t\t\t\t<div class=\"elementor-column elementor-col-100 elementor-top-column elementor-element elementor-element-ede4847\" data-id=\"ede4847\" data-element_type=\"column\">\n\t\t\t<div class=\"elementor-widget-wrap elementor-element-populated\">\n\t\t\t\t\t\t<div class=\"elementor-element elementor-element-1fc87f4f elementor-widget elementor-widget-heading\" data-id=\"1fc87f4f\" data-element_type=\"widget\" data-widget_type=\"heading.default\">\n\t\t\t\t<div class=\"elementor-widget-container\">\n\t\t\t\t\t<h1 class=\"elementor-heading-title elementor-size-default\">Jak p\u0159isp\u011bt<\/h1>\t\t\t\t<\/div>\n\t\t\t\t<\/div>\n\t\t\t\t\t<\/div>\n\t\t<\/div>\n\t\t\t\t\t<\/div>\n\t\t<\/section>\n\t\t\t\t<section class=\"elementor-section elementor-top-section elementor-element elementor-element-7b5a28f8 elementor-section-boxed elementor-section-height-default elementor-section-height-default\" data-id=\"7b5a28f8\" data-element_type=\"section\">\n\t\t\t\t\t\t<div class=\"elementor-container elementor-column-gap-default\">\n\t\t\t\t\t<div class=\"elementor-column elementor-col-100 elementor-top-column elementor-element elementor-element-46fe0eca\" data-id=\"46fe0eca\" data-element_type=\"column\">\n\t\t\t<div class=\"elementor-widget-wrap elementor-element-populated\">\n\t\t\t\t\t\t<div class=\"elementor-element elementor-element-35718fa6 elementor-widget elementor-widget-text-editor\" data-id=\"35718fa6\" data-element_type=\"widget\" data-widget_type=\"text-editor.default\">\n\t\t\t\t<div class=\"elementor-widget-container\">\n\t\t\t\t\t\t\t\t\t<p>P\u0159\u00edsp\u011bvek m\u016f\u017eete pouk\u00e1zat na \u00fa\u010det Nada\u010dn\u00edho fondu u \u010cesk\u00e9 spo\u0159itelny v P\u00edsku<\/p><p>\u010d\u00edslo \u00fa\u010dtu:<br \/><b><span style=\"font-size: x-large;\">000000-641803399\/0800<br \/><\/span><\/b>do zpr\u00e1vy pro p\u0159\u00edjemce uve\u010fte pros\u00edm alespo\u0148 slovo &#8222;p\u0159\u00edsp\u011bvek&#8220;<\/p><p>Rodi\u010de \u017e\u00e1k\u016f mohou p\u0159isp\u011bt i prost\u0159ednictv\u00edm sv\u00e9ho d\u00edt\u011bte, kter\u00e9 p\u0159\u00edsp\u011bvek odevzd\u00e1 do pokladny NF prost\u0159ednictv\u00edm pokladn\u00edka t\u0159\u00eddy.<\/p><p><b>V\u0161em p\u0159isp\u011bvatel\u016fm Nada\u010dn\u00edho fondu p\u0159i SZe\u0160 P\u00edsek p\u0159edem d\u011bkujeme.<\/b><\/p>\t\t\t\t\t\t\t\t<\/div>\n\t\t\t\t<\/div>\n\t\t\t\t\t<\/div>\n\t\t<\/div>\n\t\t\t\t\t<\/div>\n\t\t<\/section>\n\t\t\t\t<\/div>\n\t\t","protected":false},"excerpt":{"rendered":"<p>Nada\u010dn\u00ed fond p\u0159i SZe\u0160 P\u00edsek V roce 1994 byla p\u0159i St\u0159edn\u00ed zem\u011bd\u011blsk\u00e9 \u0161kole v P\u00edsku zalo\u017eena nadace. Po nabyt\u00ed platnosti z\u00e1kona \u010d. 227\/97 Sb. byla nadace zm\u011bn\u011bna na Nada\u010dn\u00ed fond p\u0159i St\u0159edn\u00ed zem\u011bd\u011blsk\u00e9 \u0161kole v P\u00edsku. Zakladatelem Nada\u010dn\u00edho fondu je St\u0159edn\u00ed zem\u011bd\u011blsk\u00e1 \u0161kola v P\u00edsku, zastoupen\u00e1 \u0159editelem \u0161koly. Tento nada\u010dn\u00ed fond slou\u017e\u00ed k v\u0161estrann\u00e9mu rozvoji [&hellip;]<\/p>\n","protected":false},"author":1,"featured_media":0,"parent":0,"menu_order":0,"comment_status":"closed","ping_status":"closed","template":"","meta":{"site-sidebar-layout":"no-sidebar","site-content-layout":"page-builder","ast-site-content-layout":"default","site-content-style":"default","site-sidebar-style":"default","ast-global-header-display":"","ast-banner-title-visibility":"","ast-main-header-display":"disabled","ast-hfb-above-header-display":"","ast-hfb-below-header-display":"","ast-hfb-mobile-header-display":"disabled","site-post-title":"disabled","ast-breadcrumbs-content":"disabled","ast-featured-img":"disabled","footer-sml-layout":"disabled","ast-disable-related-posts":"","theme-transparent-header-meta":"disabled","adv-header-id-meta":"","stick-header-meta":"","header-above-stick-meta":"","header-main-stick-meta":"","header-below-stick-meta":"","astra-migrate-meta-layouts":"default","ast-page-background-enabled":"default","ast-page-background-meta":{"desktop":{"background-color":"var(--ast-global-color-4)","background-image":"","background-repeat":"repeat","background-position":"center center","background-size":"auto","background-attachment":"scroll","background-type":"","background-media":"","overlay-type":"","overlay-color":"","overlay-opacity":"","overlay-gradient":""},"tablet":{"background-color":"","background-image":"","background-repeat":"repeat","background-position":"center center","background-size":"auto","background-attachment":"scroll","background-type":"","background-media":"","overlay-type":"","overlay-color":"","overlay-opacity":"","overlay-gradient":""},"mobile":{"background-color":"","background-image":"","background-repeat":"repeat","background-position":"center center","background-size":"auto","background-attachment":"scroll","background-type":"","background-media":"","overlay-type":"","overlay-color":"","overlay-opacity":"","overlay-gradient":""}},"ast-content-background-meta":{"desktop":{"background-color":"var(--ast-global-color-5)","background-image":"","background-repeat":"repeat","background-position":"center center","background-size":"auto","background-attachment":"scroll","background-type":"","background-media":"","overlay-type":"","overlay-color":"","overlay-opacity":"","overlay-gradient":""},"tablet":{"background-color":"var(--ast-global-color-5)","background-image":"","background-repeat":"repeat","background-position":"center center","background-size":"auto","background-attachment":"scroll","background-type":"","background-media":"","overlay-type":"","overlay-color":"","overlay-opacity":"","overlay-gradient":""},"mobile":{"background-color":"var(--ast-global-color-5)","background-image":"","background-repeat":"repeat","background-position":"center center","background-size":"auto","background-attachment":"scroll","background-type":"","background-media":"","overlay-type":"","overlay-color":"","overlay-opacity":"","overlay-gradient":""}},"footnotes":""},"class_list":["post-72","page","type-page","status-publish","hentry"],"_links":{"self":[{"href":"https:\/\/www.szespisek.cz\/index.php\/wp-json\/wp\/v2\/pages\/72","targetHints":{"allow":["GET"]}}],"collection":[{"href":"https:\/\/www.szespisek.cz\/index.php\/wp-json\/wp\/v2\/pages"}],"about":[{"href":"https:\/\/www.szespisek.cz\/index.php\/wp-json\/wp\/v2\/types\/page"}],"author":[{"embeddable":true,"href":"https:\/\/www.szespisek.cz\/index.php\/wp-json\/wp\/v2\/users\/1"}],"replies":[{"embeddable":true,"href":"https:\/\/www.szespisek.cz\/index.php\/wp-json\/wp\/v2\/comments?post=72"}],"version-history":[{"count":4,"href":"https:\/\/www.szespisek.cz\/index.php\/wp-json\/wp\/v2\/pages\/72\/revisions"}],"predecessor-version":[{"id":201,"href":"https:\/\/www.szespisek.cz\/index.php\/wp-json\/wp\/v2\/pages\/72\/revisions\/201"}],"wp:attachment":[{"href":"https:\/\/www.szespisek.cz\/index.php\/wp-json\/wp\/v2\/media?parent=72"}],"curies":[{"name":"wp","href":"https:\/\/api.w.org\/{rel}","templated":true}]}}